{"id":191,"date":"2012-12-22T12:22:48","date_gmt":"2012-12-22T11:22:48","guid":{"rendered":"http:\/\/geschichtsverein-haitz.org\/?page_id=191"},"modified":"2013-12-01T20:42:51","modified_gmt":"2013-12-01T19:42:51","slug":"zweck-des-vereins","status":"publish","type":"page","link":"http:\/\/geschichtsverein-haitz.org\/wordpress\/zweck-des-vereins\/","title":{"rendered":"Zweck des Vereins"},"content":{"rendered":"<p>Wir m\u00f6chten mit unserer gemeinn\u00fctzigen Arbeit insbesondere die Heimatkunde und Heimatpflege f\u00f6rdern. Dies verfolgen wir durch die Erforschung der Haitzer Geschichte. Wir ver\u00f6ffentlichen die Ergebnisse \u00fcber die verschiedensten Medien aber auch durch Veranstaltungen.<\/p>\n<p>Wichtig sind uns die folgenden Punkte:<\/p>\n<ul>\n<li>Die Erforschung und Darstellung von Brauchtum und Lebensweise der Bewohner des Dorfes Haitz unter Ber\u00fccksichtigung von soziokulturellen Ver\u00e4nderungen in Vergangenheit und Gegenwart<\/li>\n<li>Sammlung und Darbietung historischer Gegenst\u00e4nde, Dokumente, Schriften und Bildmaterial, welche die Haitzer Lebensweise darstellen<\/li>\n<li>Zusammenarbeit mit Geschichtsvereinen, Museen, anderen Kulturtr\u00e4gern und Institutionen sowie mit Einzelpersonen und deren gegenseitige Unterst\u00fctzung bei der Arbeit<\/li>\n<li>Zusammenarbeit mit der Stadt Gelnhausen in allen die historische und kulturelle Entwicklung des Stadtteils Haitz und der Stadt Gelnhausen betreffenden Angelegenheiten<\/li>\n<\/ul>\n<p>Eine ausf\u00fchrliche Information \u00fcber unsere Arbeit und die m\u00f6glichen weiteren T\u00e4tigkeiten findet ihr in diesem\u00a0<a href=\"http:\/\/geschichtsverein-haitz.org\/wordpress\/wp-content\/uploads\/2013\/09\/Faltblatt-2013.pdf\">Faltblatt<\/a>\u00a0.<\/p>\n","protected":false},"excerpt":{"rendered":"<p>Wir m\u00f6chten mit unserer gemeinn\u00fctzigen Arbeit insbesondere die Heimatkunde und Heimatpflege f\u00f6rdern. Dies verfolgen wir durch die Erforschung der Haitzer Geschichte. Wir ver\u00f6ffentlichen die Ergebnisse \u00fcber die verschiedensten Medien aber auch durch Veranstaltungen. Wichtig sind uns die folgenden Punkte: Die &hellip; <a href=\"http:\/\/geschichtsverein-haitz.org\/wordpress\/zweck-des-vereins\/\">Weiterlesen <span class=\"meta-nav\">&rarr;<\/span><\/a><\/p>\n","protected":false},"author":1,"featured_media":0,"parent":0,"menu_order":0,"comment_status":"closed","ping_status":"closed","template":"","meta":{"footnotes":""},"class_list":["post-191","page","type-page","status-publish","hentry"],"_links":{"self":[{"href":"http:\/\/geschichtsverein-haitz.org\/wordpress\/wp-json\/wp\/v2\/pages\/191","targetHints":{"allow":["GET"]}}],"collection":[{"href":"http:\/\/geschichtsverein-haitz.org\/wordpress\/wp-json\/wp\/v2\/pages"}],"about":[{"href":"http:\/\/geschichtsverein-haitz.org\/wordpress\/wp-json\/wp\/v2\/types\/page"}],"author":[{"embeddable":true,"href":"http:\/\/geschichtsverein-haitz.org\/wordpress\/wp-json\/wp\/v2\/users\/1"}],"replies":[{"embeddable":true,"href":"http:\/\/geschichtsverein-haitz.org\/wordpress\/wp-json\/wp\/v2\/comments?post=191"}],"version-history":[{"count":4,"href":"http:\/\/geschichtsverein-haitz.org\/wordpress\/wp-json\/wp\/v2\/pages\/191\/revisions"}],"predecessor-version":[{"id":299,"href":"http:\/\/geschichtsverein-haitz.org\/wordpress\/wp-json\/wp\/v2\/pages\/191\/revisions\/299"}],"wp:attachment":[{"href":"http:\/\/geschichtsverein-haitz.org\/wordpress\/wp-json\/wp\/v2\/media?parent=191"}],"curies":[{"name":"wp","href":"https:\/\/api.w.org\/{rel}","templated":true}]}}